{"id":59,"date":"2020-04-02T16:18:58","date_gmt":"2020-04-02T14:18:58","guid":{"rendered":"https:\/\/haarschneiderfranz.at\/shop\/?post_type=product&#038;p=59"},"modified":"2026-03-31T17:38:06","modified_gmt":"2026-03-31T15:38:06","slug":"aloe-mint-volume-conditioner","status":"publish","type":"product","link":"https:\/\/haarschneiderfranz.at\/shop\/produkt\/aloe-mint-volume-conditioner\/","title":{"rendered":"ALOE MINT VOLUME CONDITIONER"},"content":{"rendered":"","protected":false},"excerpt":{"rendered":"<p>vitalisieren \u2022 kr\u00e4ftigen \u2022 erfrischen \u2022 f\u00fcr feines bis normales &amp; \u00f6liges Haar<\/p>\n<p>Bio-aktiver Pflegekomplex der feinem und normalem Haar Volumen schenkt, es von der Wurzel kr\u00e4ftigt, die K\u00e4mmbarkeit verbessert und die Kopfhaut kl\u00e4rt.<\/p>\n<p><em>* aus kontrolliert biologischem Anbau ** hergestellt mit biologischen Zutaten + fair trade<\/em><\/p>\n","protected":false},"featured_media":696,"template":"","meta":{"spay_email":""},"product_brand":[],"product_cat":[51],"product_tag":[],"class_list":{"0":"post-59","1":"product","2":"type-product","3":"status-publish","4":"has-post-thumbnail","6":"product_cat-pflege","7":"pa_brand-less-is-more","9":"first","10":"instock","11":"taxable","12":"shipping-taxable","13":"purchasable","14":"product-type-simple"},"_links":{"self":[{"href":"https:\/\/haarschneiderfranz.at\/shop\/wp-json\/wp\/v2\/product\/59","targetHints":{"allow":["GET"]}}],"collection":[{"href":"https:\/\/haarschneiderfranz.at\/shop\/wp-json\/wp\/v2\/product"}],"about":[{"href":"https:\/\/haarschneiderfranz.at\/shop\/wp-json\/wp\/v2\/types\/product"}],"wp:featuredmedia":[{"embeddable":true,"href":"https:\/\/haarschneiderfranz.at\/shop\/wp-json\/wp\/v2\/media\/696"}],"wp:attachment":[{"href":"https:\/\/haarschneiderfranz.at\/shop\/wp-json\/wp\/v2\/media?parent=59"}],"wp:term":[{"taxonomy":"product_brand","embeddable":true,"href":"https:\/\/haarschneiderfranz.at\/shop\/wp-json\/wp\/v2\/product_brand?post=59"},{"taxonomy":"product_cat","embeddable":true,"href":"https:\/\/haarschneiderfranz.at\/shop\/wp-json\/wp\/v2\/product_cat?post=59"},{"taxonomy":"product_tag","embeddable":true,"href":"https:\/\/haarschneiderfranz.at\/shop\/wp-json\/wp\/v2\/product_tag?post=59"}],"curies":[{"name":"wp","href":"https:\/\/api.w.org\/{rel}","templated":true}]}}

<p>vitalisieren • kräftigen • erfrischen • für feines bis normales &amp; öliges Haar</p>
<p>Bio-aktiver Pflegekomplex der feinem und normalem Haar Volumen schenkt, es von der Wurzel kräftigt, die Kämmbarkeit verbessert und die Kopfhaut klärt.</p>
<p><em>* aus kontrolliert biologischem Anbau ** hergestellt mit biologischen Zutaten + fair trade</em></p>
