{"id":234,"date":"2020-04-06T12:10:55","date_gmt":"2020-04-06T10:10:55","guid":{"rendered":"https:\/\/haarschneiderfranz.at\/shop\/?post_type=product&#038;p=234"},"modified":"2026-01-14T12:03:52","modified_gmt":"2026-01-14T11:03:52","slug":"strong-hairspray","status":"publish","type":"product","link":"https:\/\/haarschneiderfranz.at\/shop\/produkt\/strong-hairspray\/","title":{"rendered":"STRONG HAIRSPRAY"},"content":{"rendered":"","protected":false},"excerpt":{"rendered":"<p>Unsichtbares Spray f\u00fcr starken Halt, charakterisiert durch einen sehr feinen Nebel.<\/p>\n<p>Benefits:<\/p>\n<ul>\n<li>gibt Struktur<\/li>\n<li>h\u00e4lt Feuchtigkeit stand<\/li>\n<li>kann auch nach dem Auftragen bearbeitet werden<\/li>\n<li>trocknet sehr schnell<\/li>\n<li>einfach zu entfernen<\/li>\n<\/ul>\n<p>Die Rezeptur ist parabenfrei und ohne Zusatz von Farbstoffen.<\/p>\n<p><strong>ANWENDUNG:<\/strong><br \/>\nZum Stylen aus 30 cm Entfernung auf das Haar spr\u00fchen und k\u00e4mmen. Kann auch direkt auf die zu definierenden Stellen gespr\u00fcht werden. Je nach Haardichte, L\u00e4nge und gew\u00fcnschtem Effekt zwischen 3 und 6 Gramm auftragen.<\/p>\n","protected":false},"featured_media":235,"template":"","meta":{"spay_email":""},"product_brand":[],"product_cat":[52],"product_tag":[],"class_list":{"0":"post-234","1":"product","2":"type-product","3":"status-publish","4":"has-post-thumbnail","6":"product_cat-styling","7":"pa_brand-davines","9":"first","10":"instock","11":"taxable","12":"shipping-taxable","13":"purchasable","14":"product-type-simple"},"_links":{"self":[{"href":"https:\/\/haarschneiderfranz.at\/shop\/wp-json\/wp\/v2\/product\/234","targetHints":{"allow":["GET"]}}],"collection":[{"href":"https:\/\/haarschneiderfranz.at\/shop\/wp-json\/wp\/v2\/product"}],"about":[{"href":"https:\/\/haarschneiderfranz.at\/shop\/wp-json\/wp\/v2\/types\/product"}],"wp:featuredmedia":[{"embeddable":true,"href":"https:\/\/haarschneiderfranz.at\/shop\/wp-json\/wp\/v2\/media\/235"}],"wp:attachment":[{"href":"https:\/\/haarschneiderfranz.at\/shop\/wp-json\/wp\/v2\/media?parent=234"}],"wp:term":[{"taxonomy":"product_brand","embeddable":true,"href":"https:\/\/haarschneiderfranz.at\/shop\/wp-json\/wp\/v2\/product_brand?post=234"},{"taxonomy":"product_cat","embeddable":true,"href":"https:\/\/haarschneiderfranz.at\/shop\/wp-json\/wp\/v2\/product_cat?post=234"},{"taxonomy":"product_tag","embeddable":true,"href":"https:\/\/haarschneiderfranz.at\/shop\/wp-json\/wp\/v2\/product_tag?post=234"}],"curies":[{"name":"wp","href":"https:\/\/api.w.org\/{rel}","templated":true}]}}