{"id":191,"date":"2020-04-06T10:24:59","date_gmt":"2020-04-06T08:24:59","guid":{"rendered":"https:\/\/haarschneiderfranz.at\/shop\/?post_type=product&#038;p=191"},"modified":"2026-03-31T19:07:53","modified_gmt":"2026-03-31T17:07:53","slug":"momo-conditioner","status":"publish","type":"product","link":"https:\/\/haarschneiderfranz.at\/shop\/produkt\/momo-conditioner\/","title":{"rendered":"MOMO CONDITIONER"},"content":{"rendered":"","protected":false},"excerpt":{"rendered":"<p>Feuchtigkeitsspendende Pflege f\u00fcr trockenes Haar.<\/p>\n<p>N\u00e4hrender und entwirrender Conditioner f\u00fcr trockenes, schwer k\u00e4mmbares Haar f\u00fcr ein sanftes, seidiges Haargef\u00fchl.<\/p>\n<p><strong>ANWENDUNG:<\/strong><br \/>\nEine geeignete Menge ins handtuchtrockene Haar geben. 5-10 Minuten einwirken lassen, durchk\u00e4mmen und gr\u00fcndlich aussp\u00fclen<\/p>\n","protected":false},"featured_media":192,"template":"","meta":{"spay_email":""},"product_brand":[],"product_cat":[51],"product_tag":[],"class_list":{"0":"post-191","1":"product","2":"type-product","3":"status-publish","4":"has-post-thumbnail","6":"product_cat-pflege","7":"pa_brand-davines","9":"first","10":"instock","11":"taxable","12":"shipping-taxable","13":"purchasable","14":"product-type-simple"},"_links":{"self":[{"href":"https:\/\/haarschneiderfranz.at\/shop\/wp-json\/wp\/v2\/product\/191","targetHints":{"allow":["GET"]}}],"collection":[{"href":"https:\/\/haarschneiderfranz.at\/shop\/wp-json\/wp\/v2\/product"}],"about":[{"href":"https:\/\/haarschneiderfranz.at\/shop\/wp-json\/wp\/v2\/types\/product"}],"wp:featuredmedia":[{"embeddable":true,"href":"https:\/\/haarschneiderfranz.at\/shop\/wp-json\/wp\/v2\/media\/192"}],"wp:attachment":[{"href":"https:\/\/haarschneiderfranz.at\/shop\/wp-json\/wp\/v2\/media?parent=191"}],"wp:term":[{"taxonomy":"product_brand","embeddable":true,"href":"https:\/\/haarschneiderfranz.at\/shop\/wp-json\/wp\/v2\/product_brand?post=191"},{"taxonomy":"product_cat","embeddable":true,"href":"https:\/\/haarschneiderfranz.at\/shop\/wp-json\/wp\/v2\/product_cat?post=191"},{"taxonomy":"product_tag","embeddable":true,"href":"https:\/\/haarschneiderfranz.at\/shop\/wp-json\/wp\/v2\/product_tag?post=191"}],"curies":[{"name":"wp","href":"https:\/\/api.w.org\/{rel}","templated":true}]}}