{"id":117,"date":"2020-04-04T10:42:33","date_gmt":"2020-04-04T08:42:33","guid":{"rendered":"https:\/\/haarschneiderfranz.at\/shop\/?post_type=product&#038;p=117"},"modified":"2026-03-31T17:49:50","modified_gmt":"2026-03-31T15:49:50","slug":"tangerine-curl-balm","status":"publish","type":"product","link":"https:\/\/haarschneiderfranz.at\/shop\/produkt\/tangerine-curl-balm\/","title":{"rendered":"TANGERINE CURL BALM"},"content":{"rendered":"","protected":false},"excerpt":{"rendered":"<p>Leave-in \u2022 Hitzeschutz \u2022 Locken \u2022 feines-normales Haar<\/p>\n<p>Leichter Leave-in Conditioner, ideal f\u00fcr lockiges Haar, sorgt f\u00fcr Sprungkraft, Glanz &amp; Volumen, leichte K\u00e4mmbarkeit, Locken werden sanft geb\u00fcndelt. Sch\u00fctzt vor Stylinghitze und Spliss.<\/p>\n<p><strong>ANWENDUNG<\/strong><br \/>\nEine kleine Menge gleichm\u00e4ssig auf feuchtes Haar auftragen, nicht aussp\u00fclen, stylen.<\/p>\n","protected":false},"featured_media":676,"template":"","meta":{"spay_email":""},"product_brand":[],"product_cat":[52],"product_tag":[45],"class_list":{"0":"post-117","1":"product","2":"type-product","3":"status-publish","4":"has-post-thumbnail","6":"product_cat-styling","7":"product_tag-haircare","8":"pa_brand-less-is-more","10":"first","11":"instock","12":"taxable","13":"shipping-taxable","14":"purchasable","15":"product-type-simple"},"_links":{"self":[{"href":"https:\/\/haarschneiderfranz.at\/shop\/wp-json\/wp\/v2\/product\/117","targetHints":{"allow":["GET"]}}],"collection":[{"href":"https:\/\/haarschneiderfranz.at\/shop\/wp-json\/wp\/v2\/product"}],"about":[{"href":"https:\/\/haarschneiderfranz.at\/shop\/wp-json\/wp\/v2\/types\/product"}],"wp:featuredmedia":[{"embeddable":true,"href":"https:\/\/haarschneiderfranz.at\/shop\/wp-json\/wp\/v2\/media\/676"}],"wp:attachment":[{"href":"https:\/\/haarschneiderfranz.at\/shop\/wp-json\/wp\/v2\/media?parent=117"}],"wp:term":[{"taxonomy":"product_brand","embeddable":true,"href":"https:\/\/haarschneiderfranz.at\/shop\/wp-json\/wp\/v2\/product_brand?post=117"},{"taxonomy":"product_cat","embeddable":true,"href":"https:\/\/haarschneiderfranz.at\/shop\/wp-json\/wp\/v2\/product_cat?post=117"},{"taxonomy":"product_tag","embeddable":true,"href":"https:\/\/haarschneiderfranz.at\/shop\/wp-json\/wp\/v2\/product_tag?post=117"}],"curies":[{"name":"wp","href":"https:\/\/api.w.org\/{rel}","templated":true}]}}

<p>Leave-in • Hitzeschutz • Locken • feines-normales Haar</p>
<p>Leichter Leave-in Conditioner, ideal für lockiges Haar, sorgt für Sprungkraft, Glanz &amp; Volumen, leichte Kämmbarkeit, Locken werden sanft gebündelt. Schützt vor Stylinghitze und Spliss.</p>
<p><strong>ANWENDUNG</strong><br />
Eine kleine Menge gleichmässig auf feuchtes Haar auftragen, nicht ausspülen, stylen.</p>
